 31. Let x be l(17). Let h = 4683 - x. Is h a composite number?
False
Suppose -38*x - 433968 = -65340 - 3506782. Is x a prime number?
False
Let v be (-8)/((-48)/(-10590)) + 6. Let o = v + 2988. Is o a composite number?
False
Let j(n) be the third derivative of 37*n**5/30 + n**4/3 + n**3/6 + 13*n**2. Let c be j(8). Suppose -16 = -4*z, i + 5*z = -0*z + c. Is i composite?
True
Is -7*(-16)/(-1120) + (439401105/(-50))/(-11) a prime number?
True
Suppose -2477086 = 141*z - 6695947. Is z a prime number?
True
Suppose -4*l + l = -18. Let z be (8/l)/((4 + -2)/(-12)). Let m(d) = d**3 + 11*d**2 + 20*d + 7. Is m(z) composite?
True
Let i be 3 + (-2 - (4 + -9)). Suppose -t = -2, i*t = 5*u + t. Suppose 13626 = u*m + m - 5*c, -2*m + 5*c = -9079. Is m a prime number?
True
Suppose -7969 = -h + 178. Is h prime?
True
Let x be (-25610)/25 - (78/30 + -3). Let q = 4713 - x. Is q composite?
False
Suppose r + 155488 = 4*d, 0 = 4*r - r. Is (d/36 - -1) + (-16)/(-72) prime?
False
Let t = -14436 - -27689. Is t a composite number?
True
Suppose -3*d = 4*k - 3895, 0*k - 3*k - 5235 = -4*d. Suppose 4*j - 3961 = -d. Let c = -215 + j. Is c a prime number?
True
Suppose -p - 40 = -3*i, -2*p - 66 = -13*i + 8*i. Suppose i + 14 = 7*c. Suppose -3*d = 2*j - 753, -4*d + 0*d + c*j = -1004. Is d a prime number?
True
Let d(w) = -25*w - 16. Let v(m) = 4*m**3 - 2*m**2 - m + 1. Let r be v(-1). Let h be d(r). Is (-2)/(-7) + (-3462)/h*-22 a composite number?
False
Suppose 0 = r - 2*h - 367767, 1471008 = 28*r - 24*r + 4*h. Is r composite?
True
Is 197939/19 - (-294)/1862 prime?
False
Suppose -15 = -17*h + 36. Suppose 4*s - 9 = s, 5*s = -h*i + 642. Is i a prime number?
False
Suppose -5*w - l + 0*l - 65 = 0, 0 = -4*l. Is (23198/(-10))/(w/65) prime?
False
Suppose p - 179*x - 43973 = -175*x, 0 = -3*p + 4*x + 131887. Is p composite?
True
Suppose -6*w = 78 - 378. Let v = 90 - w. Is (739/(-2)*-1)/(4/v) a prime number?
False
Suppose -7*c + 2*c = -3*z - 19, 16 = -2*z + 4*c. Let l be 0/((2 - 2) + z/1). Let t(i) = -6*i + 3203. Is t(l) a composite number?
False
Let c be (-36)/(-3)*(-3 + (-15)/(-6)). Is 1 - -2 - (c + 12) - -4274 composite?
False
Suppose -2*j - 5*p = -2731009, 115*j + 3*p = 114*j + 1365506. Is j composite?
True
Is 12894626/22 - (-2700)/1650 a prime number?
True
Let g(f) = -28*f**2 + 23*f + 92. Let r(i) = 26*i**2 - 24*i - 92. Let v(x) = 5*g(x) + 6*r(x). Is v(-15) a prime number?
True
Is ((30/(-10)*1)/1)/(3/(-52501)) prime?
True
Let l be (-1 - -11)/((-11)/814). Let s be (84/(-35))/(6/l). Suppose -j + 38 + 80 = 5*o, -2*o - s = -2*j. Is j composite?
True
Suppose -9470 = 7*d - 12*d. Suppose 0 = 2*c - 1248 - d. Let n = c - 718. Is n composite?
False
Let q be 25/9 - 3 - (-114)/27. Suppose 19*g - 493635 = q*g. Is g a prime number?
True
Let n(k) = -k + 4. Let v be n(-14). Let j(d) = 78*d + 55. Is j(v) a composite number?
False
Let o(x) = 140*x**3 - 7*x**2 - 83*x + 765. Is o(13) a prime number?
True
Let y(l) = 7*l**3 - 2*l**2 - 3*l + 4. Let h be y(1). Suppose -h*c + 3584 = -3562. Is c a composite number?
True
Suppose 4*b - 2*z = 51758, -3*b + 2*z + 9885 = -28936. Is b a composite number?
True
Suppose 12 = -4*a - 4*i, 4*i - 5 = -5*a - 17. Let k(j) = -7*j + 2287. Let z be k(a). Suppose 0 = 7*c - 282 - z. Is c composite?
False
Let p = 152 + -146. Suppose p*w - 2760 - 2118 = 0. Is w a prime number?
False
Let i = 7 - -6. Suppose -4*z + 33 = i. Suppose 3*u = -z*o + 1246, 0*o - 2*u + 245 = o. Is o composite?
False
Let z be ((-9222)/7)/((-12)/84). Is (10/35 - z/(-14)) + 3 a prime number?
False
Suppose -33*v = -31*v - 49272. Suppose v = -p + 5*p. Let m = -2050 + p. Is m prime?
False
Let g(d) = -243*d + 61. Let f(u) = -u**3 - 2*u**2 + 7*u - 8. Let j be f(2). Is g(j) a prime number?
False
Let q = 44444 - 29577. Is q prime?
True
Suppose 5*c + 633526 = -2*n + 2705589, -1657636 = -4*c - 4*n. Is c a prime number?
False
Is 174405 + -2 - (140 + -116) prime?
False
Suppose -17*z + 9*z - 1264 = 0. Is -1*(29*z - 1) a prime number?
True
Let y = 6999 - 9940. Let q = y - -6990. Suppose 2*m - 168 - 848 = -u, 5*m - q = -4*u. Is u prime?
False
Let b(z) = -z**2 - 4*z - 683. Let g be b(0). Let r = g - -2250. Is r a composite number?
False
Let b(l) = 1522*l - 17. Suppose f - 2*c = -4 + 1, 19 = 2*f + c. Is b(f) composite?
True
Let l be (-1)/(7 - 8)*0. Suppose -8*j + 114996 - 28604 = l. Is j a composite number?
False
Let z be 8/(64/(-8))*(-5 + 6). Let u(r) be the second derivative of 95*r**4/6 + 5*r**3/6 + 3*r**2 - r. Is u(z) a composite number?
False
Let n = -1187 - -461. Let r = n + 1339. Suppose 5*p - 1039 = -4*o, -2*o = -3*p - 7*o + r. Is p prime?
True
Suppose 251 = 11*u - 24. Is (u/(-10))/(2/((-388)/1)) prime?
False
Let d(l) = -14*l**3 - 6*l**2 + 5*l - 14. Let z be d(-7). Let f = z - 1286. Is f a prime number?
False
Let t(p) = -p**2 - 5*p + 2798. Is t(0) a composite number?
True
Let i = 216048 - 106111. Is i prime?
True
Is ((-1307658)/99)/((-1)/3) a composite number?
True
Suppose -50*x + 69 + 831 = 0. Let t(i) = 3*i**3 + 6*i**2 + 9*i - 17. Is t(x) prime?
False
Let h(n) be the first derivative of -352*n**2 - 26*n - 224. Is h(-5) a prime number?
False
Let k(v) = v**3 - 31*v**2 - 387*v + 106. Is k(67) composite?
False
Let c be 4 + 2 + -2 - (-16307 + 0). Suppose 5 = -l, 4*g - 2*l - c - 6791 = 0. Is g prime?
False
Let z(l) = 7*l**3 - 10*l**2 + 6*l + 16. Is z(7) composite?
True
Suppose 2*h = -182*y + 180*y + 1220034, -1219998 = -2*y - 11*h. Is y a composite number?
True
Let b be ((-15)/5)/1 + 20. Suppose -b = a - 140. Suppose k = a + 470. Is k a composite number?
False
Suppose -637 - 995 = -l. Suppose -8*g + 6 + 10 = 0. Suppose -2*u = 3*j - u - l, -2709 = -5*j + g*u. Is j composite?
True
Is ((-11)/66*9508)/(4/(-978)) prime?
False
Let z(x) = -520*x**3 + 2*x**2 - 1. Let y(a) = a**3 - 5*a**2 + 3*a + 5. Let q be y(4). Let w(u) = 5*u - 6. Let k be w(q). Is z(k) prime?
True
Let t(f) = -106*f**2 - 17*f + 3. Let j be t(-3). Let r = 2807 + j. Is r prime?
True
Let o = 185 - 180. Suppose 2*t - 5*k - 3730 = 451, 0 = o*t + 5*k - 10505. Is t a composite number?
True
Is (-2)/((-66)/40729617) + 1160/6380 a prime number?
True
Let l = 4 + -1. Suppose -n + 0*n = 3*g - 1810, 0 = -3*g - 6. Suppose -4*s - 3*d = -8*s + n, 2*d + 1361 = l*s. Is s composite?
True
Suppose -x + 4 = -1. Let v(m) = -61*m**2 + 7*m. Let n be v(x). Let h = 6211 + n. Is h composite?
False
Suppose 7*h - 5*h = 10. Suppose -698 = -4*d + 2*q, 0 = h*d - 4*d + 5*q - 202. Suppose -2*i + 77 = -d. Is i a prime number?
True
Is (970686/12)/((-63)/(-98) + 1/(-7)) a prime number?
False
Suppose 21401268 = 32*c - 3375404. Is c composite?
True
Let h = -288 + 278. Let l(p) = 9 - 7*p**2 + 6*p**2 + 3*p - 8*p**2 + p**2 - 3*p**3. Is l(h) a prime number?
True
Let o be (5 + 165)/((-3)/9). Let p = o + 3787. Is p a composite number?
True
Suppose -3*m - 16064 = -6*m - v, -5*m - v + 26772 = 0. Is 1*m - (-1 - (2 + 0)) composite?
True
Let l(t) = -93*t**2 - 21*t + 27. Let g(r) = -46*r**2 - 10*r + 13. Let p(w) = -5*g(w) + 2*l(w). Let f = -1357 - -1363. Is p(f) a prime number?
True
Suppose -6*g - 34074 = -4*g. Let j = g + 25750. Is j a prime number?
True
Let k(t) = 3*t + 42. Let w be k(-13). Suppose w*n - 27 = -5*i + 35, i - 22 = -3*n. Is (-4)/(-10) + 826/i prime?
True
Suppose -5085136 = -4*o - 4*x, 24*x - 28*x + 6356421 = 5*o. Is o a composite number?
True
Let d(w) = 297*w + 1963. Is d(19) prime?
False
Is 5/((-20)/(-32)) + (221133 - (23 - 41)) a composite number?
False
Is 12 + 51362*(-21)/(-6) a composite number?
False
Suppose 201 = 107*z + 736. Suppose k = 5*k - w + 379, -k - 97 = 2*w. Is ((-28538)/k)/((-2)/z) prime?
True
Let u(v) = 86*v**2 + 2*v - 33. Suppose -3*a + 31 = -2*h, -2*h + 4 = -3*a - 7*h. Is u(a) composite?
True
Suppose 3*y - 5*l - 26 = 5*y, -3*l + 26 = -2*y. Let f = -10 - y. Suppose 0 = -f*i + 2*o + 1695, -1695 = i - 4*i + 3*o. Is i prime?
False
Let h = 361 - 334. Suppose -h*w = -12589 + 223. Is w a prime number?
False
Let v = -840 + 1753. Let w = 1548 - v. Suppose 3*r + l = 4494, -4*r + w = -2*l - 5367. Is r a prime number?
True
Suppose 0 = 7*y - 109353 - 30885. Suppose -4*c = 5*c - y. Suppose 5*i - 3*t - 5579 = 0, 0 = -i - i + 4*t + c. Is i prime?
True
Is 7 - 2*(9 + -1583) prime?
False
Suppose 11301 = 6*h - 420093. Is h prime?
True
Let j(c) = -2103*c + 1. Let a(o) = 4205*o - 2. Let u(p) = 3*a(p) +